s the tens digit of 39709?
0
What is the thousands digit of 462551?
2
What is the units digit of 7917500?
0
What is the thousands digit of 4317078?
7
What is the tens digit of 2330369?
6
What is the ten thousands digit of 4222031?
2
What is the hundreds digit of 362478?
4
What is the hundreds digit of 132205?
2
What is the tens digit of 1839169?
6
What is the hundred thousands digit of 358306?
3
What is the units digit of 8884004?
4
What is the hundreds digit of 584811?
8
What is the thousands digit of 6344393?
4
What is the tens digit of 93891?
9
What is the thousands digit of 317910?
7
What is the tens digit of 388617?
1
What is the hundreds digit of 2318496?
4
What is the units digit of 1626930?
0
What is the millions digit of 23660035?
3
What is the units digit of 151405?
5
What is the tens digit of 918228?
2
What is the tens digit of 2125?
2
What is the hundred thousands digit of 31003234?
0
What is the thousands digit of 1417393?
7
What is the thousands digit of 7331400?
1
What is the units digit of 8966684?
4
What is the thousands digit of 226731?
6
What is the millions digit of 6320701?
6
What is the hundreds digit of 5311582?
5
What is the hundreds digit of 1119465?
4
What is the hundreds digit of 4497234?
2
What is the hundreds digit of 2338732?
7
What is the thousands digit of 663383?
3
What is the thousands digit of 234360?
4
What is the hundreds digit of 3888554?
5
What is the hundreds digit of 8906560?
5
What is the hundred thousands digit of 2730895?
7
What is the thousands digit of 2012649?
2
What is the hundred thousands digit of 192269?
1
What is the hundred thousands digit of 3407789?
4
What is the ten thousands digit of 4682479?
8
What is the hundreds digit of 2488318?
3
What is the thousands digit of 9163612?
3
What is the millions digit of 1312647?
1
What is the tens digit of 566481?
8
What is the hundreds digit of 3223709?
7
What is the tens digit of 1378396?
9
What is the units digit of 232134?
4
What is the millions digit of 1215173?
1
What is the hundreds digit of 4636251?
2
What is the hundreds digit of 17730?
7
What is the thousands digit of 486151?
6
What is the tens digit of 15771329?
2
What is the hundreds digit of 2042154?
1
What is the thousands digit of 105670?
5
What is the units digit of 1067713?
3
What is the millions digit of 6286606?
6
What is the hundreds digit of 10600547?
5
What is the units digit of 13560012?
2
What is the hundreds digit of 3997647?
6
What is the tens digit of 2809008?
0
What is the thousands digit of 2390925?
0
What is the hundred thousands digit of 2862624?
8
What is the hundreds digit of 253228?
2
What is the hundreds digit of 2150281?
2
What is the thousands digit of 979578?
9
What is the units digit of 115088?
8
What is the tens digit of 3929202?
0
What is the thousands digit of 1774779?
4
What is the thousands digit of 3670827?
0
What is the thousands digit of 147107?
7
What is the units digit of 367103?
3
What is the tens digit of 23237749?
4
What is the hundred thousands digit of 448869?
4
What is the millions digit of 9533806?
9
What is the millions digit of 26818656?
6
What is the hundreds digit of 479376?
3
What is the tens digit of 1389419?
1
What is the units digit of 32775015?
5
What is the ten thousands digit of 90350?
9
What is the hundreds digit of 3110414?
4
What is the millions digit of 3352710?
3
What is the hundreds digit of 82149?
1
What is the hundreds digit of 613763?
7
What is the hundred thousands digit of 106280?
1
What is the ten thousands digit of 604878?
0
What is the tens digit of 248471?
7
What is the units digit of 622276?
6
What is the hundred thousands digit of 882762?
8
What is the units digit of 154527?
7
What is the hundreds digit of 1956520?
5
What is the hundred thousands digit of 1246835?
2
What is the tens digit of 25788008?
0
What is the hundreds digit of 3539692?
6
What is the hundred thousands digit of 311936?
3
What is the hundred thousands digit of 26085180?
0
What is the thousands digit of 98663?
8
What is the thousands digit of 153831?
3
What is the units digit of 313808?
8
What is the hundreds digit of 4019844?
8
What is the ten thousands digit of 4002388?
0
What is the millions digit of 5607114?
5
What is the tens digit of 4564894?
9
What is the tens digit of 7049702?
0
What is the hundred thousands digit of 117232?
1
What is the thousands digit of 557957?
7
What is the tens digit of 13048755?
5
What is the hundreds digit of 2792331?
3
What is the hundreds digit of 749003?
0
What is the ten thousands digit of 1883428?
8
What is the hundred thousands digit of 609449?
6
What is the hundreds digit of 500351?
3
What is the hundred thousands digit of 1029630?
0
What is the units digit of 2233278?
8
What is the ten thousands digit of 1309248?
0
What is the hundreds digit of 181123?
1
What is the hundreds digit of 7376583?
5
What is the hundred thousands digit of 2421359?
4
What is the units digit of 1836010?
0
What is the hundred thousands digit of 115008?
1
What is the hundreds digit of 4979359?
3
What is the hundreds digit of 4308563?
5
What is the units digit of 836826?
6
What is the hundred thousands digit of 150264?
1
What is the hundred thousands digit of 261907?
2
What is the thousands digit of 7513406?
3
What is the hundred thousands digit of 667718?
6
What is the tens digit of 2286779?
7
What is the ten thousands digit of 694711?
9
What is the units digit of 182038?
8
What is the units digit of 1430440?
0
What is the thousands digit of 225708?
5
What is the tens digit of 3116249?
4
What is the millions digit of 1016986?
1
What is the hundreds digit of 66079?
0
What is the ten thousands digit of 583243?
8
What is the ten millions digit of 27245588?
2
What is the units digit of 358556?
6
What is the hundred thousands digit of 297072?
2
What is the ten thousands digit of 290447?
9
What is the ten millions digit of 17646700?
1
What is the units digit of 89514?
4
What is the units digit of 766375?
5
What is the units digit of 953428?
8
What is the millions digit of 1666125?
1
What is the ten thousands digit of 1875391?
7
What is the ten thousands digit of 224076?
2
What is the thousands digit of 12773999?
3
What is the hundred thousands digit of 248824?
2
What is the thousands digit of 2423777?
3
What is the units digit of 1451178?
8
What is the units digit of 645172?
2
What is the tens digit of 203948?
4
What is the thousands digit of 231109?
1
What is the ten thousands digit of 187025?
8
What is the thousands digit of 489921?
9
What is the thousands digit of 363682?
3
What is the hundred thousands digit of 3841659?
8
What is the tens digit of 691557?
5
What is the thousands digit of 173243?
3
What is the units digit of 62953?
3
What is the tens digit of 3301179?
7
What is the units digit of 5516731?
1
What is the hundreds digit of 5465211?
2
What is the hundreds digit of 4582795?
7
What is the units digit of 2681429?
9
What is the units digit of 54609?
9
What is the thousands digit of 46411?
6
What is the hundreds digit of 131421?
4
What is the ten thousands digit of 301335?
0
What is the ten thousands digit of 4124994?
2
What is the millions digit of 1037447?
1
What is the ten thousands digit of 2259684?
5
What is the thousands digit of 91997?
1
What is the hundreds digit of 1224520?
5
What is the units digit of 15082478?
8
What is the units digit of 1307871?
1
What is the hundreds digit of 3165495?
4
What is the ten millions digit of 42684901?
4
What is the units digit of 508472?
2
What is the hundred thousands digit of 5012680?
0
What is the thousands digit of 458692?
8
What is the ten millions digit of 14963350?
1
What is the ten thousands digit of 707975?
0
What is the units digit of 165569?
9
What is the thousands digit of 673909?
3
What is the units digit of 22610855?
5
What is the hundreds digit of 972804?
8
What is the units digit of 7533790?
0
What is the units digit of 2185026?
6
What is the tens digit of 8629552?
5
What is the hundred thousands digit of 2994566?
9
What is the units digit of 3064373?
3
What is the millions digit of 19985966?
9
What is the hundreds digit of 823024?
0
What is the hundreds digit of 143707?
7
What is the hundred thousands digit of 109345?
1
What is the hundred thousands digit of 1679697?
6